Let y(t) = t**3. Let n(q) = -m(q) + 5*y(q). Let f be n(-9). Is (1143/12)/(f/16) prime?
False
Suppose 0 = l - 9*l + 76104. Suppose -7*h = 3*d - 11*h - 14275, l = 2*d + h. Is d a composite number?
True
Suppose -1004719 = 207*k - 2728822. Is k prime?
True
Suppose 0 = -3*c + 5*g - 0*g + 2940, -2*g + 3946 = 4*c. Let r = c - 492. Is r a prime number?
False
Suppose -6*n + 2*n = -7340. Suppose 3*y - 328 = n. Suppose 0 = 3*m - 3*r - r - y, m = -5*r + 234. Is m composite?
False
Suppose -4*d - 3*y = -y + 186, 171 = -4*d + 3*y. Is (-4293)/d + 2/(-5) a prime number?
False
Let t(h) = 22*h**2 - 111*h - 96. Is t(19) composite?
False
Is (-252)/(-168)*339414/9 prime?
True
Let g be 45/(-18)*-1*2. Let v(t) = t**3 - 6 + 3*t + g + 18*t**2 + 1 - 13. Is v(-16) a composite number?
True
Let z(l) = 15*l - 315. Let f be z(20). Is (-116720)/f - 2/6 composite?
True
Suppose -b = 5*m + 2, 0 = -5*m + 2*m - 3. Suppose -b*f - 4*l + 2213 = 0, -3*f + 3*l + 742 = -2*f. Is f a composite number?
False
Let i be 10/45*-6*3/(-2). Suppose 4*d - w - 39846 = 0, -d - 5*w + 29873 = i*d. Is d prime?
False
Let h(s) = s**3 + 2*s**3 - 8*s**2 + 11*s + 13*s - 4 - 20*s. Let i be h(8). Suppose -5*b = 3*n - i, 842 = 3*b + b + 2*n. Is b a prime number?
True
Suppose 2*n - 358 = -342. Suppose -4*j + 5*g = -10016, 9*j - n*j - 2489 = 5*g. Is j a composite number?
True
Let p(u) = -u**2 - 11*u - 25. Let y be p(-4). Suppose 42432 = y*r - 16*r. Let g = 7825 + r. Is g a composite number?
False
Suppose 13*l - 3 = -s + 15*l, -3*s - 1 = 4*l. Is (-23)/(-46)*(-1774)/s*-1 composite?
False
Let c be 795/36 + (-6)/72. Is 780 + -7 + c + -8 a prime number?
True
Suppose 0*t + 10*t - 1792878 = -28*t. Is t a composite number?
True
Let w be 11262 - (3 - (4 - -1)). Let s = -3523 + w. Is s composite?
False
Is 10 + (18 + -26240)*(-42)/4 a composite number?
True
Let k(s) = 2930*s**2 + 73*s - 88. Is k(-5) prime?
True
Is -7*(-3)/((-189)/18) + 56239 composite?
False
Let i(b) be the first derivative of 7*b**2 + 15 - 8*b - 1/3*b**3. Is i(5) composite?
False
Suppose 0 = 5*n + 3*b - 210193, -4*n + 168144 = 2*b + 3*b. Is n composite?
True
Let u(h) = -103*h + 13. Let o be u(7). Let p be (-2)/(-6)*(-1)/(4/o). Is 0 - p/(2*(-3)/114) a prime number?
False
Suppose -43*k + 16519 = -1627. Let v = k + 387. Is v composite?
False
Let r(o) be the second derivative of 269*o**5/20 + o**4/4 - 7*o**3/6 + 11*o**2/2 + 72*o. Is r(2) composite?
False
Let j = -227 + 231. Suppose -3*g + 2200 = 2*v, g - j*v - 285 - 453 = 0. Is g composite?
True
Let t = 1285 + -202. Let d(l) = -5*l - 1. Let o be d(-1). Suppose -o*z + 12 = 0, w - 4*z - t = 164. Is w prime?
True
Suppose 32*n - 77993 - 867863 = 0. Is n composite?
True
Suppose -167*d + 3 = -168*d. Is (-38837)/d - ((-7)/3 + 2) a composite number?
True
Suppose -z = -7*z - 26334. Let x = z - -11306. Is 6/33 - x/(-11) prime?
False
Suppose -j + 260445 = 3*d, -86825 = -d - 6*j + 4*j. Is d a composite number?
False
Suppose 2*l - 10 = 0, 0*a = -a + 4*l - 18. Is (-3)/a*108048/(-36) composite?
True
Let w be (0 - -4)*(-5 + (-21)/(-6)). Is (-613647)/(-123)*((-2)/w - 0) a prime number?
True
Suppose -7*t + 59*t - 1040728 = 0. Is t a prime number?
False
Let i = -34 + 37. Suppose 4*z + 3*p = -3, -5*p - 25 = -5*z - i*p. Suppose -z*k - 101 + 5000 = 0. Is k a prime number?
False
Let s = -313 - -710. Suppose -283 = -5*g + s. Suppose -5*b - 102 = -3*l, l - g = -3*l - 2*b. Is l composite?
True
Let m be (-8)/(3 + 5) - -3. Suppose 3*h - 6 = 0, -m*o + 1739 = 3*h - 1265. Is o prime?
True
Let v(z) = -56*z**3 + 51*z**2 + 14*z + 70. Is v(-9) a prime number?
False
Let l(s) = 5*s**3 - 111*s**2 + 61*s - 394. Is l(39) a composite number?
False
Let v = 56 + -51. Is 1 + 1 + 1952 - v a composite number?
False
Suppose f = -4*d + 19, -5*d + 2*f - f = -26. Suppose -25 = -d*p - 0. Suppose -3*u + 562 = u - 5*a, p*a = 5*u - 705. Is u a prime number?
False
Let z(u) = -3*u - 63. Let s be z(-21). Suppose s = -60*f + 58*f + 8. Suppose -2*a + 1696 = 2*i, -5*a - f*i + 9*i = -4290. Is a prime?
True
Suppose 4*a - 3539522 = -2*s, -3*s - 18828241 - 639256 = -22*a. Is a a composite number?
True
Let x(j) = 841*j + 956. Is x(5) a prime number?
False
Let v be ((-30)/9 - -3)/(3/(-18)). Suppose 2*z = -3*c + 1844, -v*c = -4*z + 348 - 1588. Let u = 993 - c. Is u a composite number?
True
Let v(l) be the second derivative of 5*l**4/12 - l**2/2 + 4*l. Let x be v(1). Is (-4 + -1)*(-93 - x) a composite number?
True
Let g = 301104 - 117563. Is g a composite number?
True
Suppose -17*f - 27 = -8*f. Let j(q) = -11*q**3 - 11*q**2 - 4*q + 1. Is j(f) a composite number?
False
Let f = -15167 - -24343. Let a = 14231 - f. Let p = 10442 - a. Is p a prime number?
True
Suppose 618955 + 1249586 + 3148395 = 24*h. Is h composite?
False
Suppose -1721969 = -43*c + 5673264 - 1207404. Is c prime?
False
Let z = 844665 - 340846. Is z prime?
True
Let k be (4 + -1)*(-1 + (-2032)/(-12)). Let z be -2 - (4 - 1 - 61). Suppose w = -z + k. Is w a composite number?
False
Let y(q) = 4523*q - 121. Let x(v) = -6*v + 24. Let g be x(2). Is y(g) prime?
False
Let o(b) = -8*b + 72. Let r(g) = 7*g - 71. Let j(a) = 6*o(a) + 7*r(a). Let x be j(0). Is (20/100)/((-1)/x) a prime number?
True
Let b = 2499 + -6669. Let x = -1259 - b. Is x composite?
True
Let j = -26359 - -44240. Is j a composite number?
False
Let p = 40051 + 1712. Is p composite?
True
Let m(q) be the first derivative of q**4/2 - q**3 + 3*q**2/2 - 9*q - 104. Let c = -3 + 7. Is m(c) a composite number?
False
Let h(c) = 0*c - 3*c + c + 29. Let m be (6 - (-5 - -13))*(2 + 5). Is h(m) composite?
True
Suppose 8 = 2*d + a + 4*a, -5*d + 20 = a. Suppose 0 = d*w - 5*w - 2, -v + 1341 = -2*w. Is v a prime number?
False
Suppose 0 = -4*n + 3*d + 11, 0 = -n - 3*d - 1. Suppose -3*b - 3*f + 2226 = -0*b, 2962 = 4*b - n*f. Let c = -214 + b. Is c prime?
False
Suppose 4*y - 40 = 4*n, 12*n = -5*y + 13*n + 30. Suppose -y*s = -k - 21454, -5*s = k - 4994 - 16462. Is s composite?
True
Let s be 2740 + (-3)/2*(-4)/2. Suppose 5*b - 5372 = s. Is b prime?
False
Suppose -3*g = -120250 - 213197. Is g composite?
False
Let l(a) = -2*a**3 - 2*a**2 + a + 8. Let f be 2/((-8)/20)*2/(-2). Let v(g) = g**3 - 6*g**2 + 4*g. Let x be v(f). Is l(x) prime?
False
Let u(q) = -702*q**2 + 22*q - 5. Let d be u(-4). Let b = 16310 + d. Is b composite?
True
Let j(o) = 2*o**3 - 5*o**2 + 7*o - 4. Let r be j(2). Is (r - (-64)/(-4))/(-2) - -186 a composite number?
False
Let g = 316751 - -15288. Is g composite?
False
Suppose -7495*n = -7500*n + 296575. Is n a prime number?
False
Suppose -3*i = 12 - 18. Suppose 5*r + 1186 = i*m, -1034 - 154 = 5*r - m. Let w = r + 1529. Is w prime?
True
Let f(q) = 33799*q + 1855. Is f(6) a composite number?
True
Suppose 8*l - 5026 = l. Suppose -3459 + l = -s. Is s a prime number?
True
Suppose 5*d + 4*v - 413375 = 0, -513*v = -5*d - 512*v + 413400. Is d composite?
True
Let x = 101960 + 1628. Suppose 4*l = -3*y + 313598, 4*l - 3*y + x = 417198. Is l prime?
True
Let x(l) = 35030*l**3 + 2*l**2 + 4*l - 2. Let j be x(1). Let u = -6133 + j. Is u prime?
True
Is -3*(2781282/9)/(-14) composite?
False
Let x = -91 - -101. Let o = -6 + x. Suppose w - 5*w - 5*y = -2034, -w - o*y + 503 = 0. Is w a prime number?
False
Let n = 103735 + -41276. Is n a composite number?
False
Let t = 650 + -641. Is 63/(-6)*(-14442)/t - 6 composite?
False
Let m be (-6)/(-5)*(-200)/(-30). Let j = m - 10. Is 153/2 - j/4 a composite number?
True
Let b = 1528378 - 1027125. Is b a prime number?
False
Suppose 3*g = -5*u + 7, g + 2*u + 44 = 5*g. Is (6/g)/(-2 - 10528/(-5262)) composite?
False
Let n be -15 + -2 + (-6)/3. Let k = n - -30. Is ((-6)/(-4))/(k/1034) prime?
False
Let o(s) = 398*s**2 + 57*s + 1821. Is o(-38) a prime number?
True
Let p = -550 + 342. Let c = p - -548. Let l = 833 - c. Is l a composite number?
True
Let g(u) = -4*u - 7. Let n be g(-2). Let i(d) = 85*d + 45*d + 97*d - 47*d - 1. Is i(n) composite?
False
Let u = -454 - -458. Suppose 2*o + u*s - 3664 - 1550 = 0, 5*o - 4*s = 13049. Is o a prime number?
True
Let n = -391269 - -573422. Is n composite?
True
Suppose -4*u + 25 - 9 = 0. Suppose -5*v + 2437 = -u*b, -754 = b - v - 146. Let g = -380 - b. Is g a prime number?
True
Is ((-4176)/120)/(-29)*(-196610)/(-6) a composite number?
True
Suppose 3*r = 5*y - 56186, 112 = 3*r + 103. Is y a composite number?
False
